ime factors of z.
2, 19
Let a(y) = -2*y**2 - 15*y - 2. Let z be a(-7). Suppose 0 = -z*w + 2*f + 4, -5*w + 5*f + 1 + 9 = 0. Suppose -14*g + 12*g + 308 = w. List the prime factors of g.
2, 7, 11
Suppose 28*i - 2*i - 58667 = -11581. List the prime factors of i.
1811
Let j(a) be the third derivative of -3*a**4/4 - 7*a**3/6 - 22*a**2. Let o be j(-22). Suppose 4*g + o = 4*v + v, 5*g - 20 = 0. What are the prime factors of v?
3
Let m be 63/42 + (-10)/(-4). Suppose -r + m + 8 = 0. Let t(w) = w**3 - 11*w**2 - 9*w + 10. What are the prime factors of t(r)?
2, 23
Let n(z) = 4258*z**2 - 202*z + 404. What are the prime factors of n(2)?
2, 2129
Suppose 13*p = 11*p + 3*r + 1226, -3*r - 18 = 0. What are the prime factors of p?
2, 151
Let x(m) be the third derivative of -71*m**4/24 - m**3/6 - 24*m**2. Let u be x(1). Let d = -55 - u. List the prime factors of d.
17
List the prime factors of ((-8422)/(-18))/(240/2160).
4211
Suppose -199 - 221 = -3*w. Suppose 5*l = -5 - w. Let s = l - -53. List the prime factors of s.
2, 3
Let w = 7 - 2. Suppose 5 = -2*r - w. Let s = 58 - r. What are the prime factors of s?
3, 7
Suppose -5*a - 2093 = -3*s - 8281, 5*a + 5*s = 6220. List the prime factors of a.
2, 5, 31
Suppose 313299 + 163177 = 34*l. List the prime factors of l.
2, 7, 11, 13
Suppose -33*a = -3*a + 12*a - 2142462. What are the prime factors of a?
29, 1759
Let n(j) = -8*j**3 + 19*j**2 + 32*j - 31. What are the prime factors of n(-9)?
2, 41, 43
Let v(x) = 53*x**2 - 9*x - 57. Let t(i) = 26*i**2 - 4*i - 29. Let r(f) = -7*t(f) + 4*v(f). What are the prime factors of r(8)?
1831
Let m(d) = -211*d - 3. Let t be m(-2). Let k be (-49)/((-144)/(-30) + -5). Let n = t - k. List the prime factors of n.
2, 3, 29
Suppose -2*c = a - 2685, 6*c = 3*c - a + 4025. Suppose -6*g + 892 + c = 0. What are the prime factors of g?
2, 3, 31
Let h(j) = -j**3 + 105*j**2 - 12*j - 3301. List the prime factors of h(103).
7, 2383
Suppose -8*t - 30*t + 745857 = -490359. What are the prime factors of t?
2, 3, 2711
Suppose 28 = 3*j + 40. Let c be (20/12 - j/(-6)) + 3. Suppose c*i = -3*i + 700. List the prime factors of i.
2, 5
Suppose 0 = -20*l + 105 - 85. Let x(s) = 1531*s**3 - 2*s**2 - 7*s + 8. List the prime factors of x(l).
2, 3, 5, 17
Suppose -261*c = -266*c + 780. Let f = 29 + -78. Let x = c + f. List the prime factors of x.
107
Let z(y) = -3*y**3 - 9*y + 6. Let h be z(3). Let j = 27 - h. What are the prime factors of j?
3, 43
Let j(f) = f - 1. Let o(s) = -50. Let r(x) = -14*j(x) + 2*o(x). What are the prime factors of r(-23)?
2, 59
List the prime factors of (94/(-3))/((196/(-5418))/14).
2, 3, 43, 47
Let v = 39 + -24. Let q(s) = s**2 - 15*s + 2. Let j be q(v). Suppose b = 2, 3*u = 5*u + j*b - 8. What are the prime factors of u?
2
Let i(g) = 4*g**2 + 18*g + 7. Let w = -111 + 107. Let f be i(w). What are the prime factors of (f/2)/(2/(-52))?
13
Let v(i) = -28*i**2 - 9*i + 11. Let q(m) = 28*m**2 + 9*m - 11. Let o(n) = -4*q(n) - 5*v(n). Let k be o(5). Let r = k + -503. What are the prime factors of r?
3, 7, 11
Suppose 11*m - 9*m - 36 = 0. Suppose 9*s = 3*s + m. Suppose 0*d - 249 = -s*d. What are the prime factors of d?
83
Suppose 15*p - 10*p - 2*l - 192350 = 0, -192370 = -5*p - 2*l. List the prime factors of p.
2, 3, 7, 229
Let i(o) = 5*o**2 + 11*o + 54. Let x = 170 + -182. What are the prime factors of i(x)?
2, 3, 107
List the prime factors of 3 + (-12 + 2)*-142.
1423
Suppose -4*q + 112 = -y + 2*y, -y + q = -122. Let p = 367 - y. What are the prime factors of p?
13, 19
Let u be 9 - (-1 - -7 - 106). Let l = 4 - 1. Suppose -5*m = -4*n - 187, l*m + 0*m - 4*n = u. List the prime factors of m.
3, 13
Let v(n) = -n**3 - 16*n**2 + 35*n + 135. Let w(p) = -24*p + 4. Let k be w(1). What are the prime factors of v(k)?
3, 5, 23
Let y = 89 + -89. What are the prime factors of 7/(-35)*y - -244?
2, 61
Suppose -4*w + 6 = 3*m - 2*w, 0 = -m + 5*w - 15. Suppose 2*q + 3*q - 3*t - 279 = m, 0 = -4*q - 2*t + 210. Let c = -43 + q. List the prime factors of c.
11
Let k = 7 + -10. Let f be 10/(-10)*963/(-9). Let l = k + f. What are the prime factors of l?
2, 13
Suppose -2*m - 3*q = -3*m + 281, 5*m = 4*q + 1394. Let r = m + -73. Suppose 7*v - r = 2*v + 5*f, 0 = 3*v + f - 135. List the prime factors of v.
2, 11
Let o = -80 + 82. Let q(z) = 186*z + 12. What are the prime factors of q(o)?
2, 3
List the prime factors of (-7628375)/(-125) - (1 - -23).
53, 1151
Let n = -366 + 389. Suppose 2*s = u + 34, -4*u + n = 7. List the prime factors of s.
19
Let c be -1 + (-672)/(-15) + 1/5. Suppose -f - c = -214. Suppose 4*r = 34 + f. List the prime factors of r.
3, 17
Let j be (-208)/8*(-273)/14. Suppose 0 = 2*a - 2*u - 1014, a - 5*u + 10*u = j. What are the prime factors of a?
3, 13
Suppose -5*q + 110713 = 3*p, -11*q + 88568 = -7*q + 2*p. List the prime factors of q.
13, 131
Let a be ((-18)/4 + 4)*(1 + 165). Let b = 110 + a. Suppose -b*o + 22*o + 1115 = 0. What are the prime factors of o?
223
Let m(s) = 6*s - 9. Let h be m(2). Suppose -u - 5*g + 10 = -80, 4*u - h*g = 291. Let k = 142 - u. List the prime factors of k.
67
Suppose 101*f - 599563 + 116783 = 0. What are the prime factors of f?
2, 5, 239
Let c(j) = -6*j - 43. Let w be c(-7). Let z(i) = -322*i**3 - 2*i**2 - 8*i - 7. List the prime factors of z(w).
3, 107
What are the prime factors of (496/(-48) - -10) + 10/(-6) + 4529?
3, 503
Let t(v) = -v**2 - 14*v + 28. Let y be t(-16). Let m(p) = -82*p - 4. What are the prime factors of m(y)?
2, 3
Suppose -9*c = -10*c + 19*c - 686178. List the prime factors of c.
3, 97, 131
Suppose 24*v - 3137 = -329. Suppose 0 = -9*x + 99 + v. What are the prime factors of x?
2, 3
Let m be ((-25)/(-5) - 4) + -31 - 0. What are the prime factors of (1435 + m)*(-3)/(-5)?
3, 281
Suppose 0 = -9*o + 241561 + 524384. What are the prime factors of o?
5, 17021
Suppose 34*k - 8 = 30*k. Let v be (552/18 + k)/((-2)/(-6)). List the prime factors of 3*(-2)/9 + v/3.
2
Let w be (-20)/10*(0 + -5 + 0). Let r be ((-16)/w)/(44/(-20) + 2). Suppose 3*u = -v + 516, u - 168 = -7*v + r*v. List the prime factors of u.
3, 19
Suppose -5*w - 279 = -14*w. Suppose 27*t - w*t = -376. Let g = t + 67. List the prime factors of g.
7, 23
Suppose -4*v + 28860 = 4*n, -2*v - 17423 = -4*n + 11413. What are the prime factors of n?
7211
Let n = 3764 + -2398. Suppose 0 = 4*u - 2*w - n, w + 1041 = 3*u + 5*w. List the prime factors of u.
7
Let z = -88107 - -128775. What are the prime factors of z?
2, 3, 3389
Let i be (492/(-1))/(3/(-2)). Suppose -14*j = -5494 + i. What are the prime factors of j?
3, 41
Let h be 2/(-8) - (-326)/(-8). Suppose -3*c = -4*b + 171, -6*c = -7*c + 4*b - 65. Let k = h - c. What are the prime factors of k?
2, 3
Suppose r + 6 = q, 0*r + 22 = 5*q + 3*r. Suppose -q*z - 23 = -13. What are the prime factors of (-530)/(-40) - z/(-8)?
13
Let o(b) = 34*b**3 + b**2 + 3*b - 5. Suppose -13*z + 54 = 28. What are the prime factors of o(z)?
277
Suppose 3*c - 4*s = -2*c + 52, c = -s + 5. Let i be ((-4635)/(-60) - 2/c)/1. Let m = i - 53. What are the prime factors of m?
2, 3
Suppose 13*x = -0*x - x + 523446. What are the prime factors of x?
3, 11, 103
Let s(t) = 13*t**3 - 2*t**2 + 7*t. What are the prime factors of s(4)?
2, 3, 23
Suppose 235*a + 104*a - 2287170 = 81*a. What are the prime factors of a?
3, 5, 197
Let q(o) = -o**3 - 7*o**2 + 19*o + 12. Suppose -4*i = 5*w + 70, -60 = 3*w + 2*w + 2*i. Let s be q(w). Suppose -4*g + s = -2*g. What are the prime factors of g?
61
Let u(l) = -l - 10. Let a be u(-12). Suppose -6*x + 640 = a*x. Suppose 2*k = f - k - x, -2*k = 5*f - 315. What are the prime factors of f?
5, 13
Let a(f) be the second derivative of -14*f**3/3 + 51*f**2/2 + 57*f. What are the prime factors of a(-10)?
331
Let d(z) = 7*z**3 + z**2 + 3*z - 2. Let k = 29 - 27. Let q be d(k). Let y = 67 - q. What are the prime factors of y?
3
Suppose -525025 = -162*f + 1074239. What are the prime factors of f?
2, 617
Let g = 20304 + -13318. What are the prime factors of g?
2, 7, 499
Suppose m = -2*z + 129, -7*m - 2*z + 637 = -2*m. Let p = m + 131. What are the prime factors of p?
2, 3, 43
Let r = 93 + -88. Suppose -3*h - 4*p - 33 + r = 0, -5*p = -4*h - 27. Let g(k) = k**3 + 10*k**2 + 14*k - 11. List the prime factors of g(h).
5
Suppose -141 = -9*w + 39. What are the prime factors of (-4)/10 - -146